3 = m + 8, c + 2 = -4*m. Let f(k) = k - 6. Give f(c).
-12
Let n(z) = z**2 - 8*z + 20. Let h be 18/(-48) + (581/56 - 2). Determine n(h).
20
Let j(q) = 14*q**2 + 6*q - 57. Let y be j(5). Suppose 5*h - y + 308 = 0. Let l(k) = 3*k**3 - 2*k**2 - 2*k - 3. Give l(h).
54
Let a be (6/30)/((-10)/525)*(-2)/3. Let r(j) = -j**2 - 4*j - 4. Let v(q) = 5*q**2 + 15*q + 17. Let u(z) = 9*r(z) + 2*v(z). Determine u(a).
5
Let j(r) = -7*r**2 - 3*r - 12. Let d(m) = m**2. Let z(b) = 6*d(b) + j(b). Calculate z(-9).
-66
Let a be (-8)/(5/(-30)*4). Let f(r) = 9*r + 16. Let l(o) = 2*o + 1. Let g(s) = -f(s) + 5*l(s). Give g(a).
1
Let q(s) be the first derivative of -s**3/3 + 11*s**2/2 + 2*s - 1321. Determine q(11).
2
Let k be (3 + (-10)/3)/((-17)/(-816)*16). Let f(h) = 3*h**3. What is f(k)?
-3
Let g(f) = -4*f + 4 + f**2 + 3 - 2. Let z = -261 - -8. Let m = 258 + z. Determine g(m).
10
Let b = 6214 - 6217. Let f(z) = -8*z - 17. What is f(b)?
7
Let q(f) = -f**2 - 10*f. Let z(t) = -4*t + 94. Let a be z(13). Let l be a/(6 - 9) - -2*2. Give q(l).
0
Let o(z) = -7*z**2 + 2*z + 11. Let i(v) = -9*v**2 + 2*v + 13. Let q(w) = 6*i(w) - 7*o(w). Give q(1).
-6
Let y = -157 - -160. Let d(k) = 15 + y*k - k - 8. Let f = -11 - -6. Calculate d(f).
-3
Suppose -1164 = 905*v + 6076. Let q(p) = p**3 + 8*p**2 + 3*p - 1. Determine q(v).
-25
Let p be (4/1 - -12)*(-243)/(-1296). Let h(y) be the third derivative of -22*y**2 + 5/24*y**4 + 0*y - 2/3*y**p - 1/60*y**5 + 0. Give h(3).
2
Let y be 140 + (-4)/((-5)/5). Let m be (3/(-4))/((-12)/y) - 4. Let v(o) = -9*o**2 - 7. Let i(k) = -13*k**2 - 10. Let w(d) = m*i(d) - 7*v(d). Give w(1).
-3
Let s(l) be the first derivative of -l**5/24 + 37*l**3 - 26. Let d(r) be the third derivative of s(r). Determine d(-3).
15
Let d(j) = -2*j + 7. Let h be (-5)/(-1)*(12/5)/6. Let l be d(h). Let t(n) = 2*n**3 - 4*n + l*n**2 + 5 - n**3 - 8 + 0*n**3. Give t(-4).
-3
Suppose 20592*o = 20598*o - 6. Let y(q) be the third derivative of -31*q**6/120 - q**5/60 + q**4/24 - q**3/6 - q**2. What is y(o)?
-32
Suppose -81*m = 29*m + 220. Let z(o) = 4*o**2 - 38*o - 72. Calculate z(m).
20
Let o be 1 + -2 - (-5 - -2 - 0). Let j be (o/(-4))/(-2 + (-24)/(-16)). Let c be (-190)/(-25) + (-2)/(-5)*j. Let g(n) = -n**2 + 8*n + 6. What is g(c)?
6
Let k = 64 - 46. Suppose q - k = -5*q. Let f(d) = 21*d + 0*d**2 - 1 - 24*d + d**q + d**2 + 2*d**2. Give f(-4).
-5
Let y(o) be the second derivative of -o**5/20 + 11*o**3/6 + 802*o. Give y(-3).
-6
Let u(g) = -606*g**2 - 1 - 601*g**2 + 3 + 1209*g**2 - 3*g. Give u(3).
11
Let f be 13/(-26)*2*1. Let i be (-2 - -2)/f + 3. Suppose d + 3*d = -i*x + 7, -2*x + 4*d = 2. Let q(b) = -2*b**2 + b - 1. Calculate q(x).
-2
Let y(i) = -4*i**2 + 4 + 6*i - 4*i**2 + 7*i**2 + 0*i**2. Let r(o) = 29 - 5*o + 14*o - 8*o - 2*o. Let f be r(21). What is y(f)?
-12
Let g(i) = 13 - 24 + 12. Let j(p) = 3*p**2 - 4. Let a(u) = -4*g(u) - j(u). What is a(1)?
-3
Let p be 15/40 - (-591)/24. Let h = -27 + p. Let f be (15/10)/3*h. Let s(x) = 4*x**2. Determine s(f).
4
Let q(n) be the first derivative of n**4/4 + 20*n**3/3 - 5*n - 9975. Calculate q(-20).
-5
Let z = -2031 - -2042. Let f(c) = -c**3 + 11*c**2 + 4*c - 27. Calculate f(z).
17
Suppose -2310 = 16*a - 26*a. Let h = a + -230. Let v(x) = -5*x - 2. Give v(h).
-7
Let y(r) = -3*r**2 - 86*r - 430. Let j be y(-22). Let q(p) = 17*p - 183. What is q(j)?
-13
Suppose -14*z = -72*z - 15*z - 292. Suppose 0 = -3*m - 3 + 15. Let o(i) = -2*i**2 + m*i - 5 + 10 + 3*i**2. What is o(z)?
5
Let y(l) = l**3 + 47*l**2 - 101*l - 141. Let v = 19992 - 20041. Determine y(v).
6
Let v(i) = 298*i + 210. Let l(o) = -47*o - 35. Let p(f) = -38*l(f) - 6*v(f). What is p(37)?
-4
Let m(p) = -48*p - 437. Let n be m(-9). Let a(c) = -c**3 - 2*c**2 + 8*c + 5. Calculate a(n).
40
Let a be 1 - 15 - (-6)/3. Let q(t) be the third derivative of t**4/24 + 17*t**3/6 + 4*t**2 - 233*t + 1. What is q(a)?
5
Let h(y) = 597780*y + 69 + 109 - 597755*y. Calculate h(-7).
3
Let x(k) = -k**2 + 42*k - 158. Suppose 27*z = -101*z - 79*z + 7866. What is x(z)?
-6
Suppose 456 = 3*l + 327. Suppose 16 = l*g + 102. Let s(x) = 4*x**3 - 3*x**3 - 2 + 0 + 3*x**2. What is s(g)?
2
Suppose 2*w + 12 = 3*j - 7*j, 2*j - 30 = 5*w. Let z(i) = -i**2 - 9*i + 3. Let d(k) = -k + 1. Let r(u) = 3*d(u) - z(u). Calculate r(w).
0
Let m(i) = 2*i**3 - 5*i**2 - 3*i + 2. Suppose -17*r = 15*r - 128. Determine m(r).
38
Let t be -6 + (-16)/(-4) - 10. Let d(o) be the second derivative of o**4/12 + 13*o**3/6 + 4*o**2 + 17*o - 10. Calculate d(t).
-4
Let o(c) = c**3 - 3*c**2 - 3*c - 3. Suppose 0 = -47*w + 36*w - 22. Let k be 3/(-1) - (0 - 0). Let n be (1*k)/(w/4*2). What is o(n)?
-12
Let q be 8/6*(-39)/(-52). Let m be q/4 + (-110)/(-40). Let s(d) = -11*d**3 - 8*d + 12*d**m - 5*d**2 + 1 + 0 + 0. Calculate s(6).
-11
Let x(c) = -3*c + 3. Suppose 420 = -7*f + 2191. Let z = f + -256. Calculate x(z).
12
Let h(v) = -2*v - 7. Suppose 2*u - 1 = 5*l, 7*u - 4*l = 5*u. Let z be 17/(85/(-10)) + u. Determine h(z).
1
Let o = 564 + -567. Let z(b) = b**2 - 9*b + 20. Let v(f) = -f**2 + 10*f - 22. Let i(g) = o*z(g) - 2*v(g). What is i(5)?
-6
Let w(d) be the third derivative of d**4/12 + 8*d**2. Let v = 29 + -32. Let s(j) = j**2 - 3. Let g be s(v). Determine w(g).
12
Let l(u) = u**2 - 38*u + 69. Suppose w - 23 + 22 = 0, 2*c - 5*w = 67. Determine l(c).
-3
Let r(b) = b**3 - 7*b**2 + 6*b. Suppose 0 = 4*f - z - 27, -3*z + 8 = 5. What is r(f)?
42
Suppose 0 = 5*w + 4*t + 49, -5*w - 116 + 74 = -3*t. Let i(c) = c**2 + 6*c - 23. Calculate i(w).
4
Let r(o) = -2*o**3 - 5*o**2 - 9*o + 14. Suppose 2*l + 23 = 5*b + 4*l, 3*l = 12. Let h(f) = -f**3 - 3*f**2 - 5*f + 8. Let p(y) = b*r(y) - 5*h(y). Determine p(2).
-10
Suppose 22 = 5*f + 3*w, 12 + 2 = -3*f + 5*w. Let m(y) = 5*y**3 + y**2 - y + 3. Calculate m(f).
45
Let b(s) = -2*s - 2. Suppose -30 = -9*y + 42. Let q(r) = -r**3 + 6*r**2 + 15*r + 14. Let o be q(y). Calculate b(o).
-14
Let r be -1*-9*(-2)/3. Let m(b) be the first derivative of b**4/4 + 7*b**3/3 + 3*b**2/2 + 2*b - 11122. Calculate m(r).
20
Let w(t) = -2 + 4 + t**2 - 1 - 3*t + t**3. Let s = -24 - -42. Suppose -9*f - g = -5*f - 13, f = 4*g - s. Calculate w(f).
7
Suppose 2*u - 7 = -w - 15, 0 = -w + 3*u + 12. Let q(g) = -g - 8*g + 0*g + 103 + w*g - 100. Calculate q(2).
-15
Let f(s) = s**3 + 8*s**2 - 3*s - 66. Let o be f(-7). Let l(z) = -14*z + 36. Give l(o).
-20
Let d = 6 - 5. Let g(h) = -3 + 0*h**3 - 1102*h - 2*h**3 + 1102*h. Let y(q) = -4*q**3 + q**2 - q - 7. Let a(i) = -5*g(i) + 2*y(i). Determine a(d).
3
Let r(i) be the first derivative of i**3/3 + i**2/2 + i + 3204. Let n(k) = -k**2 - 6*k - 1. Let f be n(-5). Suppose -w = f*w. Calculate r(w).
1
Suppose -97 = -42*d + 29. Let g(w) = 3*w + 1. Let k(m) = m**2 - 14*m - 9. Let y(v) = d*g(v) + k(v). Determine y(6).
0
Suppose 0 = q, -3*z = -0*z - 4*q - 2 + 23. Let g(t) = -t**2 - 12*t - 18. Give g(z).
17
Suppose -1 = -t + 20. Suppose 7*m = 4*o + 4*m - 39, 0 = o - 3*m - t. Let v(f) = -2*f + 10. Determine v(o).
-2
Suppose 2*h + 49*p - 48 = 47*p, -4*p + 75 = 3*h. Let n(r) = 39*r - 828. Calculate n(h).
-9
Suppose 18*j - 4*k = 19*j + 14, 5*j + 34 = -2*k. Let v(p) = -p**2 - 12*p - 39. Calculate v(j).
-3
Let v(g) = -1 + 7*g**2 + 0 + 0. Suppose 18*t + 93*t + 58 = 53*t. Give v(t).
6
Let k(z) = z**3 - 4*z**2 + z + 2. Let i(s) be the first derivative of -9/2*s**2 + 20 - 8/3*s**3 + 3*s + 1/4*s**4. Let o be i(9). What is k(o)?
-4
Let o(d) = -d**3 + 7*d**2 + d + 4. Let f(i) = 7*i**3 - 49*i**2 - 5*i - 20. Let r(x) = -2*f(x) - 15*o(x). Give r(8).
4
Let f = -455 + 282. Let w = -167 - f. Let l(r) = 4*r - 6. What is l(w)?
18
Let x(h) = -1 - 45*h**2 + 31*h**2 - 8*h**2 + 26*h**2 - h**3 + 2*h + 15*h. What is x(7)?
-29
Let a(l) = 3464*l + 3523*l - 7002*l - 72. Calculate a(-5).
3
Let p(b) = -8*b - 2. Let l = -26 + 26. Suppose l = -7*f + 14*f - 21. Calculate p(f).
-26
Let d(b) = 4*b**3 - b**2 + 1. Let z = 3399 + -3401. Calculate d(z).
-35
Let a(d) = -4*d**3 + d**2 + d + 1. Let s = 744 - 699. Suppose 47*i - s*i = -2. What is a(i)?
5
Let o(c) be the second derivative of 13*c**3/3 - 87*c**2 - 1490*c. Calculate o(7).
8
Let o = 482 - 267. Let p = o - 220. Let k(d) = -5*d - 21. What is k(p)?
4
Suppose 8 = -4*c - 8. Let u(y) = 9*y**3 + 3*y**2 + 10*y + 6. Let g(z) = -3*z**3 + 5*z**3 + 2*z**3 + 5*z + 2*z**2 + 3. Let p(l) = -7*g(l) + 3*u(l). Give p(c).
1
Let f